 Let q(j) = 4*s(j) - t(j). Suppose -17 + 113 = 24*f. Let d be (1 + (-2)/f)/(6/36). Determine q(d).
6
Let l be 2 - (6 - -1) - -2. Let i(y) = 4*y - 1. Give i(l).
-13
Let x(w) = -w**3 - 4*w**2. Suppose 2*c + 4*k - 8 = 0, 2*k - 20 = -0*c + 3*c. Calculate x(c).
0
Suppose 12*t - 52 = -t. Suppose 0 = u - 5*q - 28, -2*q = -t*u + 11 + 11. Let b(z) = z**2 - 2*z - 3. Give b(u).
0
Let j(t) = -40*t + 1166. Let s be j(29). Let x(k) = -2*k**2 + 6*k - 7. Give x(s).
-43
Let l(o) be the third derivative of -o**5/60 + o**4/8 + o**3/3 + 90*o**2. Give l(3).
2
Let v = 5943 + -5947. Let x(n) = 7*n**2 + 17*n. Let r(o) = -3*o**2 - 8*o. Let z(f) = 5*r(f) + 2*x(f). What is z(v)?
8
Let x(c) = 3*c + 16. Let f = 20 + -24. Let z be x(f). Let w(u) = -1 - 1 + 3*u - 6*u. Give w(z).
-14
Let s(k) be the third derivative of k**9/60480 + k**8/4032 - k**7/1260 - k**6/240 + 3*k**5/5 + 41*k**2. Let i(q) be the third derivative of s(q). What is i(-5)?
17
Suppose 0*p + 25*p + 200 = 0. Let r(v) be the second derivative of v**3/3 + 4*v**2 + 2*v. Determine r(p).
-8
Let f(t) = -t**2 + 25*t - 71. Let m be f(22). Let a(h) = -h + 2. What is a(m)?
7
Let m(x) = 6*x**2 - 2*x - 1. Let z(u) = -4 + 0*u**2 + u - 6*u**2 + 3 + 7*u**2. Let a(b) = m(b) - 5*z(b). Determine a(6).
-2
Let z(y) = -29*y**2 - 61*y - 8. Let l be z(-2). Let b(s) be the third derivative of -s**6/120 - s**5/20 - s**4/12 - s**3/3 + s**2. Give b(l).
-2
Let q(g) = 1. Let z(w) = w + 5. Let h(n) = -6*q(n) + z(n). Determine h(0).
-1
Suppose 0*f - 2*f = -38. Let t = -25 + f. Let a(p) = 3*p + 7. Let w(q) = -7*q - 15. Let m(j) = -5*a(j) - 2*w(j). Calculate m(t).
1
Let i(j) = -j**2 - 13*j - 7. Let b(g) be the first derivative of g**3/3 + 7*g**2 + 7*g - 11. Let o(d) = 6*b(d) + 7*i(d). Calculate o(-5).
3
Let j(r) = -9*r**3 - r**2 + 3*r - 2. Let s be j(1). Let o be (-24)/(-108) + (-106)/s. Let g(n) = o - 5*n + 4*n - 18. Give g(6).
-12
Suppose x = -0*d + d - 23, -x = 5. Let o(q) = q**3 + d + 13*q**2 + 2*q + 7*q + 4*q. Give o(-12).
6
Let s be 35/(-15) + (-1)/3*2. Let b(l) = -l**2 + l + 9. Let c be b(s). Let d(i) = -i + 2. Calculate d(c).
5
Let h(o) = o**2 - o + 1. Let t(f) = -f**2 + 16*f - 17. Let x(p) = p**2 - 33*p + 35. Let v(u) = -9*t(u) - 4*x(u). Let d(n) = 6*h(n) - v(n). Calculate d(-6).
-7
Let l(d) = 7*d**3 - 8*d**2 - 6*d - 8. Let p(i) = -13*i**3 + 15*i**2 + 11*i + 14. Let q(g) = 11*l(g) + 6*p(g). Determine q(3).
-13
Let r(m) = -m**2 - 10*m. Let o be r(-10). Let g(t) = -t**3 - 5 + 2*t**2 + o*t + 5*t - t + 3*t. Let y = -3 - -7. Determine g(y).
-9
Let t(u) = -39*u**2 - 4 - u**3 + 78*u**2 - 44*u**2 + 6*u. Suppose 3*x - 3 = 2*k, 9 = -3*k - k + 5*x. Determine t(k).
-4
Let x(b) = b. Let m(g) = -3*g. Let j(a) = -m(a) - 4*x(a). Let y = -319 + 318. Determine j(y).
1
Let h be 6/3 + 2 - -39. Let f(a) = 77*a - h*a + 1 - 35*a. What is f(1)?
0
Let d(s) be the second derivative of 25*s**3/6 - s**2 + 3*s + 7. Give d(-1).
-27
Let m(o) = o + 10. Let h(v) = v + 10. Let j(a) = 6*h(a) - 7*m(a). What is j(-5)?
-5
Let t(d) = d**2 + 4 + 15*d**2 - 17*d**2. Calculate t(-6).
-32
Let l(v) be the first derivative of 41 + 7/2*v**2 + 5*v + 1/3*v**3. What is l(-4)?
-7
Let d(x) be the third derivative of -x**6/720 + x**5/40 + x**4/8 - 3*x**2. Let w(j) be the second derivative of d(j). Determine w(6).
-3
Let q(k) = -k**3 + k - 7. Let l(g) be the second derivative of g**5/20 + g**2/2 - 16*g. Let s be l(-1). What is q(s)?
-7
Suppose 0 = -j - 0*j + 9. Suppose j*x = 6*x. Let u(g) = -3*g + 3. Let d(n) = -16*n + 16. Let k(m) = -2*d(m) + 11*u(m). Calculate k(x).
1
Let x(c) = 10*c**2 - 8*c**2 - c**3 - 7*c**2 + 7 + 3*c. Calculate x(-5).
-8
Let a(q) = -19*q - 1. Let u be ((52/(-8) + 6)*4)/(-2). Calculate a(u).
-20
Let y(x) = x + 3. Let j(q) = 2*q**3 - 16*q**2 + 16*q - 10. Let i be j(7). Calculate y(i).
7
Let s(r) be the second derivative of -r**5/60 + r**4/4 + r**3 - r**2 + r. Let i(u) be the first derivative of s(u). Let p be ((-611)/52 - -12)*20. What is i(p)?
11
Let n(d) = -2*d + 1. Let x be (-6)/(-15) + (-35)/25. Let v(y) = -19*y**2 + y + 2. Let u be v(x). Let p be 6/u*(1 - 10). What is n(p)?
-5
Let g(m) = -7*m**2 + 2. Let p = -26 + 31. Suppose 0*s = -s - 2*w - 12, -15 = -5*s + p*w. Determine g(s).
-26
Let t(g) = g**2 + 3*g + 1. Let r(f) = -2*f**2 - 5*f. Let b(y) = -3*r(y) - 4*t(y). Determine b(-3).
5
Let j = -34 + 39. Let m(a) be the second derivative of 0 - j*a - 1/2*a**4 + 3*a**2 + 1/20*a**5 + a**3. Give m(5).
11
Let b(x) = -61*x + 40. Let i(z) = 140*z - 81. Let m(y) = -7*b(y) - 3*i(y). Determine m(5).
-2
Let n(i) = -2*i + 2. Suppose 0 = 2*j - 5*b + 6, -4*j - 3*b + 2 = -6*b. Suppose 3*h + 15 = -x, h + 5*x = -j*h - 15. Determine n(h).
12
Suppose -s - 4*s - 44 = -4*h, 5*h - 2*s - 38 = 0. Let u(d) be the third derivative of d**4/24 - d**3 + 7*d**2 - 6. Calculate u(h).
0
Let x(k) = -k**3 + 8*k**2 - 5*k - 7. Let t(b) = -5*b**3 + 33*b**2 - 20*b - 27. Let j(o) = -2*t(o) + 9*x(o). Give j(-7).
-23
Let q(v) = v**2 + 16*v - 1. Let h be (-8)/1*(-23 + 10 - -15). What is q(h)?
-1
Let s(x) be the second derivative of -x**5/20 + x**4/2 + x**3/2 - 11*x**2/2 - 249*x. Determine s(6).
7
Let w(s) be the second derivative of 0 + 17*s + 0*s**4 - 1/6*s**3 + 1/20*s**5 - 1/2*s**2. Give w(-2).
-7
Let i = 19 + -16. Let y(s) = -1 + s + i*s**2 - 9*s**2 + 7*s**2. What is y(0)?
-1
Let f(b) = -b**2 - 7*b - 6. Let o(r) = -3*r**3 - 9*r + 2*r - 2*r**2 - 5*r**2 + 4*r**3. Let d be o(8). Let w be 1*(3 - d/1). What is f(w)?
4
Let f(j) be the first derivative of -j + 1/4*j**4 - 16 + j**2 + 5/3*j**3. What is f(-2)?
7
Let b(j) = -j**3 + 19*j**2 - 24*j + 109. Let l be b(18). Let c(n) = 22*n**3 + 2*n - 1. Give c(l).
23
Let b(x) = -3*x - 4. Let o be (0 - 2) + 4 - (2 - 3). Suppose -3 = -o*v - 21. Give b(v).
14
Let m(s) be the second derivative of 1/12*s**4 + 5*s + 11/2*s**2 + 3/2*s**3 + 0. Give m(-8).
3
Let m = 8 + -6. Let a(r) = r**3 + 3*r**2 + 2*r + 2. Let j(s) = s**2 - 1. Let c(o) = m*j(o) + a(o). Suppose -33*n - 120 = -3*n. Determine c(n).
8
Let h = -869 + 875. Let j(z) be the first derivative of -z**6/360 + z**5/20 - z**4/8 + z**3/3 - 1. Let f(o) be the third derivative of j(o). Give f(h).
-3
Let s(p) = p**3 - 5*p**2 - 3*p - 6. Let l(o) = -o - 2. Let h be l(-2). Suppose h*d = -4*d + 12. Suppose -d*n + 2*j + 26 = -2*j, 3*j = -5*n + 24. Determine s(n).
12
Let w(r) = 5 + 41*r + 49*r - 92*r. Suppose -3*s = 2*o + 6, 2*o - 2*s = s - 18. Determine w(o).
17
Let v(z) = -3*z + 8. Let k(n) = 7*n - 17. Let p(d) = -6*k(d) - 13*v(d). Let s = 9215 - 9220. Calculate p(s).
13
Let y(s) = -s**3 - 10*s**2 + s + 17. Let h be y(-10). Let k(n) = -n**2 + 7*n. Give k(h).
0
Let h(v) = -4*v + 5. Let u(g) = -g**3 - 20*g**2 - 34*g + 33. Let q be u(-18). Calculate h(q).
17
Let x be (1 + (-4)/2)*-2. Suppose -x*k = 5*k. Let z(l) = k + 0 - 8 - l + 0 + l**3. Calculate z(0).
-8
Let g(s) = 5*s - 6. Let o(r) = 2*r**3 - 27*r**2 - 29*r + 211. Let d be o(14). Determine g(d).
-1
Let r be (8/(-10))/(4/20). Let g(p) be the third derivative of -p**4/24 - p**3/3 - 8*p**2. Give g(r).
2
Let a be -5 - 84/(-15) - (-18)/(-5). Let h be 0 + a + 2/1. Let z(b) = -5*b**3 + 2*b**2 - 1. What is z(h)?
6
Let s(f) = -f - 4. Let c(b) = b**2 + 2*b - 3. Let r be c(-5). Suppose 7*j - 11*j = -r. Suppose -j*g - 7 = 5. Give s(g).
0
Let g(r) = r**3 - 2*r - 3. Suppose 10*b + 46 = -13*b. Calculate g(b).
-7
Let z(b) be the second derivative of -b**4/12 + 2*b**3/3 - b**2/2 - 95*b. Calculate z(3).
2
Let k(s) be the third derivative of -1/360*s**6 + 1/40*s**5 - 1/12*s**4 + 0 + 9*s**2 + 0*s - 2/3*s**3. Let b(l) be the first derivative of k(l). Determine b(4).
-6
Let i(a) = a. Let r = -5 + 3. Let y be i(r). Let l(b) = 6*b + 5. Let h(v) = -v - 1. Let d(j) = 5*h(j) + l(j). Calculate d(y).
-2
Let w(k) = -k**3 + 24*k**2 - 137*k - 18. Let u be w(10). Let l(x) = x**3 - 12*x**2 - 2*x + 5. Calculate l(u).
-19
Let t be 2/(-5) - (-17)/5. Let h(v) = -6*v + 2*v + 3 - 7*v + 7*v. Determine h(t).
-9
Let w(b) = -2*b - 5. Suppose -2*t + 24 = -6*t. Calculate w(t).
7
Let x(o) be the second derivative of 3*o**4/2 - o**3/6 + 18*o - 2. Calculate x(-1).
19
Let p(n) = 2*n**2 - 16*n + 11. Let h be 2*1 - (-5 + 5)*1. Let w(t) = -t**2 + 8*t - 6. Let c(q) = h*p(q) + 5*w(q). Let f = -6 + 13. Calculate c(f).
-1
Let w(r) = -2*r - 11. Suppose -68*g = -32*g + 360. Determine w(g).
9
Let w(c) = 2*c**2 + c - 3. Let d be 18